{"id":994,"date":"2023-09-26T10:05:26","date_gmt":"2023-09-26T08:05:26","guid":{"rendered":"https:\/\/quatronum.pl\/pp\/?page_id=994"},"modified":"2023-09-26T10:33:39","modified_gmt":"2023-09-26T08:33:39","slug":"polityka-prywatnosci","status":"publish","type":"page","link":"https:\/\/quatronum.pl\/pp\/polityka-prywatnosci\/","title":{"rendered":"Rodo"},"content":{"rendered":"\t\t<div data-elementor-type=\"wp-page\" data-elementor-id=\"994\" class=\"elementor elementor-994\" data-elementor-post-type=\"page\">\n\t\t\t\t\t\t<section class=\"elementor-section elementor-top-section elementor-element elementor-element-189bfe5b elementor-section-boxed elementor-section-height-default elementor-section-height-default\" data-id=\"189bfe5b\" data-element_type=\"section\">\n\t\t\t\t\t\t<div class=\"elementor-container elementor-column-gap-default\">\n\t\t\t\t\t<div class=\"elementor-column elementor-col-100 elementor-top-column elementor-element elementor-element-2e34972c\" data-id=\"2e34972c\" data-element_type=\"column\">\n\t\t\t<div class=\"elementor-widget-wrap elementor-element-populated\">\n\t\t\t\t\t\t<div class=\"elementor-element elementor-element-5ad8a73a elementor-widget elementor-widget-text-editor\" data-id=\"5ad8a73a\" data-element_type=\"widget\" data-widget_type=\"text-editor.default\">\n\t\t\t\t<div class=\"elementor-widget-container\">\n\t\t\t\t\t\t\t\t\t<p><\/p>\n<h1 style=\"margin-top: 20px; margin-bottom: 10px; font-size: 36px; font-family: 'Roboto Condensed', sans-serif; font-weight: 400; line-height: 1.1; color: #000000; letter-spacing: normal; text-transform: none;\">Obowi\u0105zek informacyjny na podstawie artyku\u0142u 13 RODO<\/h1>\n<ol style=\"margin-top: 0px; margin-bottom: 10px; color: #000000; font-family: Roboto, sans-serif; font-size: 15px;\">\n<li>Informujemy, \u017ce Administratorem Pani\/Pana danych osobowych jest Stowarzyszenie Mocni Razem w Katowicach z siedzib\u0105 w Katowicach, przy ul. \u0141\u0105czna 2-4\u00a0<\/li>\n<li>Przetwarzanie Pani\/Pana danych osobowych prowadzone b\u0119dzie w nast\u0119puj\u0105cych celach:<br \/>\n<ul style=\"margin-top: 0px; margin-bottom: 0px;\">\n<li>organizacji odpowiedniej formy szkoleniowej na podstawie art. 6 ust. 1 lit. c) rozporz\u0105dzenia Parlamentu Europejskiego i Rady (UE) 2016\/679 z dnia 27 kwietnia 2016 r. w sprawie ochrony os\u00f3b fizycznych w zwi\u0105zku z przetwarzaniem danych osobowych i w sprawie swobodnego przep\u0142ywu takich danych oraz uchylenia dyrektywy 95\/46\/WE, dalej jako: \u201eRODO\u201d;<\/li>\n<li>prowadzenie analiz i statystyk oraz na potrzeby prowadzonej dzia\u0142alno\u015bci, na podstawie art. 6 ust. 1 lit. f) RODO;<\/li>\n<li>archiwizacji, na podstawie art. 6 ust. 1 lit. c) RODO;<\/li>\n<li>marketingowym Administratora, na podstawie art. 6 ust. 1 lit. a) RODO;<\/li>\n<li>przesy\u0142ania informacji handlowej, pod warunkiem wyra\u017cenia odpowiedniej zgody art. 6 ust. 1 lit. a) RODO;<\/li>\n<li>dane osobowe przechowywane b\u0119d\u0105 przez okres okre\u015blony odpowiednimi przepisami prawa z systematyczn\u0105 kontrol\u0105 oceny ich dalszej przydatno\u015bci.<\/li>\n<\/ul>\n<\/li>\n<li>Pani\/Pana dane mog\u0105 by\u0107 przekazywane nast\u0119puj\u0105cym podmiotom:<br \/>\n<ul style=\"margin-top: 0px; margin-bottom: 0px;\">\n<li>organom nadzorczym oraz organom administracji pa\u0144stwowej i samorz\u0105dowej;<\/li>\n<li>firmom pocztowym i kurierskim w przypadku wysy\u0142ki korespondencji listownej;<\/li>\n<li>procesorom na podstawie art. 28 RODO.<\/li>\n<\/ul>\n<\/li>\n<li>Na podstawie art. 13 ust. 2 lit. b) RODO ma Pani\/Pan prawo do:<br \/>\n<ul style=\"margin-top: 0px; margin-bottom: 0px;\">\n<li>dost\u0119pu do tre\u015bci swoich danych oraz ich sprostowania, usuni\u0119cia lub ograniczenia przetwarzania;<\/li>\n<li>wniesienia sprzeciwu wobec przetwarzania;<\/li>\n<li>przenoszenia danych;<\/li>\n<li>cofni\u0119cia zgody na przetwarzanie danych w dowolnym momencie;<\/li>\n<li>wniesienia skargi do organu nadzorczego.<\/li>\n<\/ul>\n<\/li>\n<\/ol>\n<p><\/p>\n<p>\u00a0<\/p>\n<p><\/p>\t\t\t\t\t\t\t\t<\/div>\n\t\t\t\t<\/div>\n\t\t\t\t\t<\/div>\n\t\t<\/div>\n\t\t\t\t\t<\/div>\n\t\t<\/section>\n\t\t\t\t<\/div>\n\t\t","protected":false},"excerpt":{"rendered":"<p>Obowi\u0105zek informacyjny na podstawie artyku\u0142u 13 RODO Informujemy, \u017ce Administratorem Pani\/Pana danych osobowych jest Stowarzyszenie Mocni Razem w Katowicach z siedzib\u0105 w Katowicach, przy ul. \u0141\u0105czna 2-4\u00a0 Przetwarzanie Pani\/Pana danych osobowych prowadzone b\u0119dzie w nast\u0119puj\u0105cych celach: organizacji odpowiedniej formy szkoleniowej na podstawie art. 6 ust. 1 lit. c) rozporz\u0105dzenia Parlamentu Europejskiego i Rady (UE) 2016\/679&hellip;&nbsp;<a href=\"https:\/\/quatronum.pl\/pp\/polityka-prywatnosci\/\" rel=\"bookmark\">Dowiedz si\u0119 wi\u0119cej &raquo;<span class=\"screen-reader-text\">Rodo<\/span><\/a><\/p>\n","protected":false},"author":3,"featured_media":0,"parent":0,"menu_order":0,"comment_status":"closed","ping_status":"closed","template":"","meta":{"neve_meta_sidebar":"","neve_meta_container":"","neve_meta_enable_content_width":"","neve_meta_content_width":0,"neve_meta_title_alignment":"","neve_meta_author_avatar":"","neve_post_elements_order":"","neve_meta_disable_header":"","neve_meta_disable_footer":"","neve_meta_disable_title":"","footnotes":""},"class_list":["post-994","page","type-page","status-publish","hentry"],"_links":{"self":[{"href":"https:\/\/quatronum.pl\/pp\/wp-json\/wp\/v2\/pages\/994","targetHints":{"allow":["GET"]}}],"collection":[{"href":"https:\/\/quatronum.pl\/pp\/wp-json\/wp\/v2\/pages"}],"about":[{"href":"https:\/\/quatronum.pl\/pp\/wp-json\/wp\/v2\/types\/page"}],"author":[{"embeddable":true,"href":"https:\/\/quatronum.pl\/pp\/wp-json\/wp\/v2\/users\/3"}],"replies":[{"embeddable":true,"href":"https:\/\/quatronum.pl\/pp\/wp-json\/wp\/v2\/comments?post=994"}],"version-history":[{"count":8,"href":"https:\/\/quatronum.pl\/pp\/wp-json\/wp\/v2\/pages\/994\/revisions"}],"predecessor-version":[{"id":1009,"href":"https:\/\/quatronum.pl\/pp\/wp-json\/wp\/v2\/pages\/994\/revisions\/1009"}],"wp:attachment":[{"href":"https:\/\/quatronum.pl\/pp\/wp-json\/wp\/v2\/media?parent=994"}],"curies":[{"name":"wp","href":"https:\/\/api.w.org\/{rel}","templated":true}]}}

<div data-elementor-type="wp-page" data-elementor-id="994" class="elementor elementor-994" data-elementor-post-type="page">
						<section class="elementor-section elementor-top-section elementor-element elementor-element-189bfe5b elementor-section-boxed elementor-section-height-default elementor-section-height-default" data-id="189bfe5b" data-element_type="section">
						<div class="elementor-container elementor-column-gap-default">
					<div class="elementor-column elementor-col-100 elementor-top-column elementor-element elementor-element-2e34972c" data-id="2e34972c" data-element_type="column">
			<div class="elementor-widget-wrap elementor-element-populated">
						<div class="elementor-element elementor-element-5ad8a73a elementor-widget elementor-widget-text-editor" data-id="5ad8a73a" data-element_type="widget" data-widget_type="text-editor.default">
				<div class="elementor-widget-container">
									<p></p>
<h1 style="margin-top: 20px; margin-bottom: 10px; font-size: 36px; font-family: 'Roboto Condensed', sans-serif; font-weight: 400; line-height: 1.1; color: #000000; letter-spacing: normal; text-transform: none;">Obowiązek informacyjny na podstawie artykułu 13 RODO</h1>
<ol style="margin-top: 0px; margin-bottom: 10px; color: #000000; font-family: Roboto, sans-serif; font-size: 15px;">
<li>Informujemy, że Administratorem Pani/Pana danych osobowych jest Stowarzyszenie Mocni Razem w Katowicach z siedzibą w Katowicach, przy ul. Łączna 2-4 </li>
<li>Przetwarzanie Pani/Pana danych osobowych prowadzone będzie w następujących celach:<br />
<ul style="margin-top: 0px; margin-bottom: 0px;">
<li>organizacji odpowiedniej formy szkoleniowej na podstawie art. 6 ust. 1 lit. c) rozporządzenia Parlamentu Europejskiego i Rady (UE) 2016/679 z dnia 27 kwietnia 2016 r. w sprawie ochrony osób fizycznych w związku z przetwarzaniem danych osobowych i w sprawie swobodnego przepływu takich danych oraz uchylenia dyrektywy 95/46/WE, dalej jako: „RODO”;</li>
<li>prowadzenie analiz i statystyk oraz na potrzeby prowadzonej działalności, na podstawie art. 6 ust. 1 lit. f) RODO;</li>
<li>archiwizacji, na podstawie art. 6 ust. 1 lit. c) RODO;</li>
<li>marketingowym Administratora, na podstawie art. 6 ust. 1 lit. a) RODO;</li>
<li>przesyłania informacji handlowej, pod warunkiem wyrażenia odpowiedniej zgody art. 6 ust. 1 lit. a) RODO;</li>
<li>dane osobowe przechowywane będą przez okres określony odpowiednimi przepisami prawa z systematyczną kontrolą oceny ich dalszej przydatności.</li>
</ul>
</li>
<li>Pani/Pana dane mogą być przekazywane następującym podmiotom:<br />
<ul style="margin-top: 0px; margin-bottom: 0px;">
<li>organom nadzorczym oraz organom administracji państwowej i samorządowej;</li>
<li>firmom pocztowym i kurierskim w przypadku wysyłki korespondencji listownej;</li>
<li>procesorom na podstawie art. 28 RODO.</li>
</ul>
</li>
<li>Na podstawie art. 13 ust. 2 lit. b) RODO ma Pani/Pan prawo do:<br />
<ul style="margin-top: 0px; margin-bottom: 0px;">
<li>dostępu do treści swoich danych oraz ich sprostowania, usunięcia lub ograniczenia przetwarzania;</li>
<li>wniesienia sprzeciwu wobec przetwarzania;</li>
<li>przenoszenia danych;</li>
<li>cofnięcia zgody na przetwarzanie danych w dowolnym momencie;</li>
<li>wniesienia skargi do organu nadzorczego.</li>
</ul>
</li>
</ol>
<p></p>
<p> </p>
<p></p>								</div>
				</div>
					</div>
		</div>
					</div>
		</section>
				</div>

<p>Obowiązek informacyjny na podstawie artykułu 13 RODO Informujemy, że Administratorem Pani/Pana danych osobowych jest Stowarzyszenie Mocni Razem w Katowicach z siedzibą w Katowicach, przy ul. Łączna 2-4  Przetwarzanie Pani/Pana danych osobowych prowadzone będzie w następujących celach: organizacji odpowiedniej formy szkoleniowej na podstawie art. 6 ust. 1 lit. c) rozporządzenia Parlamentu Europejskiego i Rady (UE) 2016/679&hellip;&nbsp;<a href="https://quatronum.pl/pp/polityka-prywatnosci/" rel="bookmark">Dowiedz się więcej &raquo;<span class="screen-reader-text">Rodo</span></a></p>
